73, 4*o - 4*j - 76 = 0. What is the highest common divisor of o and i?
18
Let z(l) = -5*l. Let s be z(-2). Let n(v) = -3*v + 17. Let c be n(-8). Let u = c + -36. What is the highest common factor of s and u?
5
Let v be (-1)/4 - (-258)/8. Let t be (-3 - 1*-4)/((-8)/(-64)). Calculate the greatest common divisor of t and v.
8
Suppose -4*t - t + 239 = 3*m, 4*m = 5*t + 307. Let w be (-26 + 0/(-1))/(-11 + 9). Calculate the highest common factor of m and w.
13
Let u = -366 + 378. Let d(z) = 4*z - 1. Let g be d(-2). Let s = 17 + g. Calculate the highest common factor of s and u.
4
Suppose 465 = 5*p + 5*o, -3*o = -5*p + 172 + 293. What is the greatest common divisor of 3 and p?
3
Let g be 11/44 + (-21)/(-12) + 142. Calculate the highest common factor of 36 and g.
36
Suppose 0 = 4*l - 3*d - 88, -l + 20 = -d - 3. Let b = 28 - l. Suppose 2*x - 3*x = -u - 38, 0 = -4*u - 8. Calculate the greatest common divisor of b and x.
9
Let u be (-18)/(((-12)/(-8))/(1 + -7)). What is the greatest common divisor of 96 and u?
24
Let m = 22 - 11. Let r(t) = t**3 - 10*t**2 - 7*t - 8. Let y be r(11). Suppose -g + y + 85 = 0. What is the greatest common divisor of m and g?
11
Let l(t) = -t - 6. Let k(m) = -2*m - 12. Let h(v) = 6*k(v) - 10*l(v). Let r be h(-12). Suppose -5*p + 18 = -r. What is the highest common factor of p and 54?
6
Let w(m) be the second derivative of 0 - m**3 - 1/20*m**5 + 3/4*m**4 + 1/2*m**2 - 7*m. Let c be w(8). Calculate the highest common factor of 17 and c.
17
Suppose 0 = -i + 4*i - 4050. What is the greatest common divisor of 54 and i?
54
Suppose 3*y - 1 + 2 = -u, -5*u = 2*y - 21. Suppose 0 = 3*v - 5*d - 63, 5*d - 106 - 39 = -u*v. Calculate the highest common factor of v and 13.
13
Suppose -4*k + 58 = 2*j, -2*j + 7*j = 2*k - 59. Suppose 0*r - 3*r - p = -26, 0 = -r - 2*p + k. What is the highest common divisor of r and 49?
7
Let b = 1907 + -1881. Let x(t) = 30*t - 2. Let v be x(7). What is the greatest common divisor of v and b?
26
Suppose f = 5*o - 10 - 6, 5*o = 5*f. Let s(y) = 23*y - 329. Let q be s(15). Calculate the highest common factor of q and o.
4
Suppose 30*m - 908 = -68. What is the greatest common divisor of 70 and m?
14
Let c(f) = f**2 + 7*f - 23. Let r be c(-11). What is the highest common divisor of r and 1344?
21
Let m be 6/(-15)*-15*2. Let g be 6/m + (-3)/6. Suppose g = -2*c + 137 + 45. What is the greatest common factor of c and 13?
13
Let g(x) = -x - 1. Let l(b) = -6*b - 6. Let w(q) = -2*g(q) + l(q). Let o be w(-13). What is the greatest common divisor of 12 and o?
12
Suppose 9*a + 54 = -0*a. Let f be 11/5*(-5 - a)*5. What is the greatest common divisor of 11 and f?
11
Suppose -2*j + 4*j - 4*c - 148 = 0, 5*c - 355 = -5*j. What is the highest common factor of j and 18?
18
Let a = 138 - 136. Suppose 4*f = -21 + 85. What is the highest common factor of a and f?
2
Let u(v) = 2*v**3 + 34*v**2 + 32*v + 26. Let d be u(-16). Calculate the greatest common divisor of 416 and d.
26
Let w(b) = 6*b**2 - 1. Let z be w(1). Suppose k - 5*g = -3, 6*k = k + 5*g + z. Let d be (5 - k)*20/6. Calculate the greatest common factor of 80 and d.
10
Suppose 42*t = 159*t - 5616. What is the highest common factor of t and 18?
6
Let g = -70 - -118. Suppose -4*c + 324 = 6*k, -20*k = 3*c - 17*k - 234. Calculate the greatest common factor of g and c.
24
Let p(u) = u**3 - 50*u**2 + 98*u - 86. Let r be p(48). What is the greatest common factor of 340 and r?
10
Let s = -199 + 361. Calculate the highest common divisor of 216 and s.
54
Let d(s) = s**3 - 6*s**2 - 3*s - 8. Let f be d(6). Let u = 82 + f. Let y be 3 + 16/(-6)*(-3)/2. Calculate the greatest common divisor of y and u.
7
Let w(k) = 67*k + 743. Let c be w(-11). Calculate the highest common factor of c and 885.
3
Let x(n) = 7*n + 66. Let i be x(-9). Let m = -5 + 2. Let v = 0 - m. What is the greatest common divisor of v and i?
3
Let o = -10 - -31. Suppose -o*d + 120 = -17*d. What is the highest common factor of d and 6?
6
Let p(n) = -2*n + 6. Let m(b) = 6*b - 18. Let k = 10 - 5. Let j(l) = k*m(l) + 16*p(l). Let v be j(-5). What is the greatest common divisor of v and 40?
8
Suppose 0*g + 20 = 5*g. Suppose 0*p = -g*p + 12. Let x be (-28)/(-21)*p/2. What is the highest common factor of x and 10?
2
Let s(a) = -96*a + 13. Let u be s(-3). What is the highest common divisor of 86 and u?
43
Let r = 27 + -25. Let d be 6/(-4 + 11/r). Let p = d + 5. What is the greatest common divisor of 1 and p?
1
Suppose 45*x = 47*x - 28. What is the greatest common divisor of x and 21?
7
Let d(p) = -p**3 + 30*p**2 + 15*p + 44. Let c be d(29). Calculate the highest common divisor of c and 10.
10
Let s(c) = 30*c - 137. Let l be s(5). Let i be 522/5 - (-4)/(-10). Calculate the greatest common divisor of l and i.
13
Suppose -2987 = -27*m - 1124. Calculate the greatest common factor of 184 and m.
23
Let b = 186 + -159. What is the highest common factor of b and 225?
9
Suppose -17 = -3*w - 8. Let p = w - -4. Calculate the highest common divisor of 133 and p.
7
Let d(j) = -5*j - 14. Let o be d(-5). Suppose -112 = -3*i - o*i. Calculate the highest common divisor of i and 56.
8
Let x = 1388 + -1352. What is the greatest common factor of 42 and x?
6
Let o = 271 + 256. What is the greatest common divisor of o and 17?
17
Let i(l) = -l**3 + 4*l**2 - 3. Let y be i(2). Suppose -y*v = -42 - 318. Calculate the greatest common factor of v and 36.
36
Let r be ((-78)/(-9))/(164/(-84) + 2). Calculate the highest common divisor of r and 104.
26
Suppose 0 = -2*z + 3*v + 37, 0 = 3*z - 4*z + 3*v + 23. Let h = 7 + -9. Let r be h/(-10) - (-2232)/40. What is the highest common factor of r and z?
14
Suppose 2*u + 6*u = 40. Suppose u*s = -4 + 344. Let f(n) = 2*n + 3. Let v be f(7). Calculate the greatest common divisor of s and v.
17
Suppose 3*a = -2*u, 4*u = 3*a + 11 - 29. What is the greatest common divisor of 26 and a?
2
Let f = 1 + 25. Suppose 5*s + f + 14 = 0. Let z(y) = y**2 - 4*y - 6. Let a be z(s). Calculate the highest common divisor of a and 10.
10
Let a be 60*(152/20 + -7). Calculate the highest common divisor of 252 and a.
36
Let d be 8 - (3 - 3) - 4. Suppose 7*h + d*h - 198 = 0. Calculate the highest common divisor of h and 6.
6
Suppose -8 = -2*s - 0*s. Suppose -53 + 5 = -s*b. What is the greatest common divisor of b and 30?
6
Let g be 42/10*3900/468. What is the highest common divisor of 105 and g?
35
Suppose -4*m + 64 = -0*i - 4*i, -16 = -2*m - 2*i. Let g be (0 - m)/((-15)/50). What is the greatest common factor of 16 and g?
8
Let v = 121 + -107. Let y = 39 - 4. What is the highest common factor of y and v?
7
Let m = -95 + 201. Suppose 4*n = m - 2. Suppose -n = -k - k. What is the highest common factor of k and 39?
13
Let s = -311 + 535. What is the highest common divisor of 56 and s?
56
Let n be (-126)/(-10) + 1 - (-8)/20. Calculate the highest common factor of 126 and n.
14
Let q be 1*6*(-63)/(-14). Suppose 3*z - 19 = -2*h + 50, -3*z - 66 = -3*h. Calculate the greatest common divisor of h and q.
27
Suppose -h + 3*h = 58. Suppose 0 = 2*m + h - 65. Let x = 11 + -5. What is the greatest common divisor of m and x?
6
Let b = 631 - 579. What is the highest common factor of 10 and b?
2
Let d be 2/(-14) - (-3848)/182. What is the greatest common factor of d and 231?
21
Let z be (-9788)/(-18) - 20/(-90). Suppose -4*u + z = 3*j, -2*j + 452 + 88 = 4*u. What is the greatest common factor of u and 19?
19
Suppose -4*v - 5*z = -925, -3*v - 9*z = -11*z - 665. Calculate the greatest common divisor of 72 and v.
9
Let h = 2877 - -333. Calculate the highest common divisor of 30 and h.
30
Let z be (1 + 2)*4/(-6). Suppose 0 = 11*g + 34*g - 360. Let t be z/g - 798/(-24). Calculate the highest common factor of t and 33.
33
Let i = 88 - 86. Calculate the highest common factor of i and 18.
2
Let p = 959 + -799. Calculate the greatest common divisor of 140 and p.
20
Let u(q) = q**2 - 21*q - 158. Let j be u(27). Let x = -11 + 16. Calculate the highest common factor of x and j.
1
Suppose -2*m - 3438 = -4*a, -205*a + 203*a + 1722 = 2*m. What is the greatest common factor of 40 and a?
20
Suppose -4*i = -2*i - 16. Let k be (-4)/6*(-8 - 4). Let f = k - 0. What is the greatest common factor of f and i?
8
Let w(q) be the second derivative of q**5/10 - q**4/12 - 5*q. Let d be w(4)